e l(8). Let z = -36 - -35. Let s be ((-45)/(-10))/(z/(-4)). What is the greatest common divisor of c and s?
18
Suppose -6*j - 5*g = -9*j + 326, 5*g - 388 = -4*j. Let a be (-2)/(2/(-9) + (-75)/(-459)). Calculate the highest common divisor of j and a.
34
Let o be (-6884)/(-42) + 4*8/336. What is the highest common divisor of o and 3116?
164
Let q be 10/40 - 121/4. Let d be ((-20)/q*-27)/((-2)/12). Calculate the greatest common divisor of 27 and d.
27
Let y be ((-192)/(-36) - 2/6)*125550/375. What is the greatest common factor of 90 and y?
18
Suppose 0 = 2*j + 13*j - 3075. Suppose 250*h - j = 245*h. What is the greatest common divisor of 82 and h?
41
Let a = -300 - -353. Suppose -38*n - 105 = -a*n. What is the highest common factor of n and 315?
7
Suppose -k + i - 46 = 0, -98 - 64 = 3*k + 5*i. Let b = k + 70. Let w = -347 + 350. What is the highest common factor of b and w?
3
Let o(a) = -74*a**2 - 57*a**2 + 45 + 172*a**2 - a**3 - 65*a**2 - 10*a. Let r be o(-24). What is the highest common divisor of 190 and r?
95
Let w = 404853 + -404766. Let n = 5 + -2. Calculate the highest common divisor of n and w.
3
Let a = -50 + 56. Let x(m) = -2*m. Let q be x(2). Let g be 14 - (6 - (q + a)). What is the highest common factor of g and 10?
10
Suppose -142*a - 148*a = -283*a - 1470. What is the greatest common divisor of a and 168?
42
Let g(b) = -b**2 - 29*b + 764. Let j be g(11). Calculate the greatest common factor of 28 and j.
4
Suppose 412 + 288 = 48*o - 884. What is the greatest common factor of 21 and o?
3
Let s be 6 - (7 - 6 - -2). Suppose s*d + z - 504 = d, 5*z = 5*d - 1260. What is the greatest common divisor of d and 315?
63
Let h be -10 - (63/(-7) + -23). Let l = -3 + 23. Let z = l + -9. What is the greatest common factor of z and h?
11
Suppose 0 = -12*t + 52562 + 36106. What is the greatest common divisor of t and 9?
9
Let o(q) = 38*q**3 + 33*q - 55. Let h be o(5). What is the highest common divisor of h and 60?
60
Let k be 22/(-2)*(-3 + 9). Let u = k - -282. What is the greatest common divisor of 24 and u?
24
Suppose -3*c = -18 + 6. Suppose -3*f - 3*a + 147 = 0, -4*f + c*a + 130 = -66. What is the greatest common factor of f and 539?
49
Let b(m) = 2*m**2 + 17*m + 93. Let k be b(-7). Let g(r) = -41*r**3 - 1. Let v be g(1). Let f = v + k. Calculate the highest common factor of f and 330.
30
Let f = -59265 + 59293. Suppose 0 = -2*z - 3*g + 335 + 620, -2*z - g + 953 = 0. What is the highest common factor of z and f?
28
Suppose 0 = 2*b - 83 - 13. Let l be (-8)/(-14) + -297*36/(-1134) - -182. Calculate the highest common factor of l and b.
48
Suppose w = -55*w + 51744. Calculate the highest common factor of 242 and w.
22
Let l = -13908 + 14910. What is the greatest common factor of 15364 and l?
334
Suppose 107 - 467 = -5*i. Let q be 0 - 2 - (-4)/(-1). Let v be (-12)/15*45/q. What is the highest common divisor of v and i?
6
Let y be (110/(-11) + 8)/(154/(-51) + 3). What is the highest common divisor of 432 and y?
6
Let m be (1556/6)/(12/18). Let x = m + -239. What is the greatest common divisor of x and 6?
6
Suppose 3*s = 5*s - 2. Let l be 8/(-4)*((-18)/4 - -3). Suppose 5*d - 44 = 4*b, 0 = l*d - 3*b - b - 28. What is the greatest common divisor of d and s?
1
Suppose 6539 = 4*a + 3*u, -142*u = -a - 145*u + 1637. Calculate the greatest common factor of 1978 and a.
86
Suppose -2 - 5 = 2*o - h, 5*o - h = -19. Let i = 15 - o. Let b be (-6)/12*3 + 386/4. What is the highest common factor of b and i?
19
Suppose -51*j + 1999472 = 410414. What is the greatest common divisor of j and 54?
54
Let q = 280 + -151. Let f = -974 + 974. Suppose f = -b - 15 + q. What is the greatest common factor of b and 76?
38
Let q = -4766 + 4777. Let o(p) = -p - 1. Let z be 1 + 2/(-1) - 1. Let y be o(z). Calculate the greatest common divisor of q and y.
1
Let f be 18 - ((1 - -2) + 2). Let z = -52 + 34. Let g = z + 44. What is the highest common factor of g and f?
13
Suppose 81983 + 115900 = 24*h - 188805. What is the greatest common divisor of h and 212?
212
Let i be 1 + (-5)/7 + (-1310540)/(-1078). Calculate the highest common factor of 228 and i.
76
Let q = 4661 + -4589. What is the greatest common factor of q and 3048?
24
Let i = 7 + -3. Suppose 0 = -39*t + 1055 + 1597. Let z = t + -40. What is the highest common divisor of i and z?
4
Let t(a) = -47*a - 1354. Let h be t(-29). Calculate the greatest common factor of h and 6570.
9
Let s(t) = t**2 + 2*t - 2. Let x be s(2). Let p be -7*((-16530)/(-35))/(-29). Calculate the highest common factor of x and p.
6
Let a = 5175 + -4950. Calculate the highest common divisor of 1500 and a.
75
Let i be (-122)/(-15) - (104/(-120) - -1). Suppose 0 = q + 19 + i. Let r = 39 + q. What is the greatest common divisor of 8 and r?
4
Suppose -684 + 62 = -2*g. Let y = g - 212. Let t be -7*((-25)/30 + 76/(-168)). Calculate the highest common divisor of t and y.
9
Let f(i) = -i**2 + 27*i + 87. Let u be f(0). Let r = 120 - u. What is the greatest common divisor of 44 and r?
11
Suppose v = 3*l + 15, 0 = -5*l + v - 7 - 18. Let t be (2 - (l + 6)) + -4. Let g be 90/5*(t + 11 + -3). What is the highest common factor of g and 10?
10
Suppose -3*z = -22*n + 24*n - 15, 4*n + 3*z = 33. Suppose -n*p + 364 = 4*p. Let b = 373 - 233. What is the greatest common divisor of p and b?
28
Let l(h) = 56*h**2 + 867*h - 22. Let u be l(-16). What is the highest common divisor of 12155 and u?
221
Suppose -2*q = 3*w - 23, -3*w = 12*q - 11*q - 22. Let a be 7 + (-51)/w + 212/7. Calculate the greatest common factor of 20 and a.
10
Let z be (-4 - (-4980)/(-105))/(2/(-70)). Calculate the greatest common divisor of z and 90.
90
Let h be 825/(-10) - 2/(-4). Let k = 172 + h. What is the greatest common divisor of 20 and k?
10
Suppose 425*g - 400*g - 422850 = 0. Calculate the greatest common divisor of 6 and g.
6
Let s be (2312/(-102))/((-4)/6). Let p be (s/85)/(3/480). Calculate the greatest common factor of 64 and p.
64
Let s(m) = m**3 - 6*m**2 + 2*m - 4. Let x be s(7). Let y = -42 + x. Suppose 3*q = 4*q + j - y, 4*j - 51 = -3*q. Calculate the highest common factor of q and 51.
17
Let z be -2*(-13818)/56 + (-14)/4. Calculate the greatest common divisor of z and 1310.
10
Let u = -3491 - -6486. Suppose 0 = 3*w - 0*h - 2*h - 1777, u = 5*w + 5*h. Suppose -10*x = -15*x + w. Calculate the highest common factor of 17 and x.
17
Suppose -398*s - 13175 = -429*s. What is the highest common divisor of s and 238?
17
Let q be 195 - 0 - 114/(-38). Suppose -182 = 4*y - q. Calculate the greatest common divisor of y and 18.
2
Let r be (110/20)/(22/64). Suppose -704 = -2*b - 2*b. What is the highest common divisor of b and r?
16
Let c = -1 + -4. Let i = -3540 - -3543. Let l be 1275/c*((-1)/i + 0). Calculate the highest common divisor of l and 34.
17
Let i be ((15/6)/5)/((-4)/(-32)). Calculate the greatest common divisor of i and 4.
4
Let i(k) = 2*k**2 - 17*k - 98. Let b be i(38). Calculate the greatest common factor of 402 and b.
134
Let h = 20397 - 20297. Suppose -4*c = -5*z - 95, -6*c + 2*c + 83 = -z. Calculate the greatest common factor of c and h.
20
Let v be 1/(1 - 6/9). Let t be (-10)/(-15)*v/(-4)*-22. Let g = 152 - 97. What is the greatest common factor of t and g?
11
Let b be (-2)/(3*-2)*9 + 12. Suppose 5*z + b = -0, 2*z = -s - 2. What is the highest common factor of s and 16?
4
Let i(b) = 4*b**3 + 5*b**2 - b - 10. Let y be i(2). Let a be 122/10 - (-32)/y. What is the highest common divisor of 416 and a?
13
Let l = -586 + 651. Suppose -p = 5*u + 2*p - 275, 2*u - p - 99 = 0. What is the highest common factor of l and u?
13
Suppose 120153 = 43*r - 11*r - 113479. Calculate the highest common divisor of 49 and r.
49
Let i(h) = -2*h**3 - 53*h**2 + 82*h + 161. Let q be i(-28). Suppose z - 2*z - 40 = -5*b, -b - z = -2. What is the greatest common divisor of q and b?
7
Suppose -7*p + 71925 = 20*p - 6*p. What is the highest common divisor of p and 50?
25
Let y(u) = -2*u + 42. Suppose t + 2*q = 1, q = 2*t - 0*t - 7. Let n = t - -17. Let f be y(n). What is the greatest common divisor of 2 and f?
2
Let n(s) = 31*s + 1026. Let t be n(-33). What is the highest common divisor of 726 and t?
3
Let k(y) = 340*y - 1796. Let r be k(30). What is the greatest common divisor of 44 and r?
44
Suppose 0 = -123*c + 111*c 